-6*g - 299. Give b(-58).
49
Let m(i) = -5649*i - 5623. Determine m(-1).
26
Let n(b) = -b**3 + 121*b**2 + 133*b - 1338. Determine n(122).
4
Let f(l) = -12*l**2 - 75*l - 54. Give f(-4).
54
Let g(z) = z**3 - 9*z**2 + 42*z - 173. Calculate g(7).
23
Let d(v) = 136*v + 2590. Determine d(-19).
6
Let p(d) = -d**2 - 38*d + 558. Give p(-49).
19
Let f(h) = 9*h**3 - 70*h**2 - 206*h + 9. Determine f(-3).
-246
Let y(a) = -a**3 + 54*a**2 + 173*a - 114. What is y(57)?
0
Let j(c) = -47*c - 5497. Calculate j(-117).
2
Let d(n) = n**3 + 94*n**2 + 104*n + 606. What is d(-93)?
-417
Let a(v) = 2*v**3 - 29*v**2 - 35*v - 5. What is a(16)?
203
Let w(b) = -b**2 + 14*b + 66. What is w(-4)?
-6
Let h(y) = 79*y + 1715. Calculate h(-22).
-23
Let x(c) = -2*c**3 + 56*c**2 + 2*c - 57. What is x(28)?
-1
Let p(t) = -11*t**3 - 4*t**2 + 10*t - 26. What is p(3)?
-329
Let b(w) = -w**3 - 55*w**2 - 200*w + 187. What is b(-51)?
-17
Let n(t) = 5952*t - 17847. Give n(3).
9
Let l(f) = 143*f - 840. Determine l(6).
18
Let x(l) = -17*l - 153. Calculate x(-8).
-17
Let g(d) = d**2 - 28*d - 288. What is g(41)?
245
Let g(k) = 192*k - 136. Calculate g(-3).
-712
Let z(w) = -102*w**2 - 10*w - 5. Determine z(-2).
-393
Let j(h) = -4*h**2 + 21*h - 139. What is j(10)?
-329
Let l(m) = -4*m**2 + 170*m - 34. Calculate l(41).
212
Let a(q) = 6*q - 21. Give a(-31).
-207
Let h(x) = -32*x - 313. What is h(-18)?
263
Let h(q) = -q**2 + 10*q + 204. Give h(22).
-60
Let a(y) = 373*y - 4843. Determine a(13).
6
Let q(i) = 40*i - 47. Calculate q(-8).
-367
Let c(r) = -2*r**3 + 160*r**2 + 3070*r + 184. Calculate c(96).
-8
Let c(g) = g**3 - 33*g**2 - 16*g - 611. Determine c(34).
1
Let g(j) = -j**3 + 66*j**2 + 141*j - 339. Give g(68).
1
Let f(c) = 2502*c + 15005. Determine f(-6).
-7
Let l(n) = -n**2 - 76*n - 7. Give l(-76).
-7
Let a(m) = 11*m + 156. What is a(-14)?
2
Let x(p) = -445*p + 6684. Calculate x(15).
9
Let w(y) = -y**3 + 41*y**2 - 113*y - 45. Calculate w(38).
-7
Let k(q) = -2*q**3 + 4*q**2 - 2*q - 7. Calculate k(5).
-167
Let t(m) = 2*m**3 - 4*m**2 - m + 1. Calculate t(1).
-2
Let t(k) = -k**3 + 123*k**2 + 637*k - 11. Calculate t(-5).
4
Let u(m) = -2*m**2 + 47*m + 1801. What is u(44)?
-3
Let g(i) = -118*i - 13554. Give g(-115).
16
Let a(p) = p**2 - 45*p - 18. Give a(43).
-104
Let p(s) = -s**2 + 8*s - 75. Give p(9).
-84
Let h(n) = -42*n - 1777. What is h(-46)?
155
Let z(y) = -6*y**2 + 3*y - 5. Calculate z(1).
-8
Let w(m) = -m**3 + 15*m**2 - 2*m + 39. Give w(15).
9
Let m(y) = -11*y + 108. What is m(15)?
-57
Let x(o) = -11*o**2 + 38*o + 2. Give x(7).
-271
Let b(a) = 18*a**3 + 126*a**2 + a + 17. Give b(-7).
10
Let r(o) = 335*o + 13732. Calculate r(-41).
-3
Let o(i) = i + 20. Calculate o(54).
74
Let b(t) = 99*t + 1197. Calculate b(-12).
9
Let c(s) = s**3 - 69*s**2 + 80*s - 787. Give c(68).
29
Let q(y) = y**3 + 3*y**2 - 54*y - 26. What is q(-8)?
86
Let h(z) = 31*z**2 - 244*z - 13. Determine h(8).
19
Let m(a) = 127*a - 675. Determine m(5).
-40
Let q(p) = 6*p + 213. Give q(0).
213
Let n(s) = -2*s**3 - 3*s + 3. What is n(0)?
3
Let y(i) = -94*i - 3332. Determine y(-35).
-42
Let p(b) = -b**3 + 31*b**2 + 100*b + 80. What is p(34)?
12
Let u(m) = -195*m - 1369. Calculate u(-7).
-4
Let a(s) = 315*s - 2870. Determine a(9).
-35
Let h(p) = -5*p**3 - 8*p**2 - 22*p - 21. What is h(-4)?
259
Let a(b) = 88*b + 2897. Determine a(-33).
-7
Let g(p) = 4733*p - 94660. Determine g(20).
0
Let l(o) = 7*o**2 - 222*o + 137. Give l(31).
-18
Let l(h) = 2*h**2 + 3*h - 1848. What is l(37)?
1001
Let n(i) = 8*i**3 + 55*i**2 + 19*i - 153. Give n(-6).
-15
Let p(c) = 609*c - 10383. Determine p(17).
-30
Let t(o) = -186*o - 799. Determine t(-4).
-55
Let h(m) = 6*m**2 + 7*m - 18. Give h(-4).
50
Let n(z) = 8*z - 377. Determine n(41).
-49
Let g(w) = w**2 + 186*w - 7719. Calculate g(35).
16
Let n(i) = -295*i + 16. What is n(1)?
-279
Let g(y) = 12*y - 28. Determine g(26).
284
Let c(h) = h**3 + 50*h**2 + 159*h + 852. What is c(-47)?
6
Let z(s) = -32*s**2 + 99*s - 20. Determine z(3).
-11
Let s(h) = h + 335. Give s(-53).
282
Let r(n) = -2*n**2 - 136*n + 1134. What is r(10)?
-426
Let x(l) = l**3 - 159*l**2 + 1062*l + 129. What is x(152)?
-175
Let m(d) = -12*d**2 + 580*d - 19. Give m(49).
-411
Let t(o) = -4*o**2 - 17*o - 7. Determine t(-5).
-22
Let x(t) = -t**3 - 35*t**2 + 78*t + 153. Calculate x(-37).
5
Let c(m) = -m**3 + 19*m**2 - m - 23. What is c(18)?
283
Let b(n) = 146*n + 3445. What is b(-24)?
-59
Let b(p) = p**2 + 20*p + 90. What is b(-7)?
-1
Let l(n) = 4*n**2 - 106*n + 41. Determine l(24).
-199
Let t(h) = 41*h + 724. What is t(-38)?
-834
Let k(d) = d**3 + 45*d**2 + 84*d - 167. Give k(-43).
-81
Let v(y) = y**3 - 40*y**2 - 63*y - 860. Give v(42).
22
Let i(t) = -149*t + 975. What is i(7)?
-68
Let b(z) = -19*z**3 - z**2 - 14*z + 16. Determine b(1).
-18
Let p(w) = -w**2 + 89*w + 21584. Give p(198).
2
Let k(h) = h**2 + 393*h - 2778. What is k(7)?
22
Let o(s) = 3*s**3 + 86*s**2 + 55*s - 35. What is o(-28)?
-7
Let l(o) = -o**3 + 8*o**2 + 26*o - 225. Calculate l(7).
6
Let y(k) = -163*k + 193. What is y(3)?
-296
Let t(j) = 6*j**2 - 106*j + 756. Give t(8).
292
Let a(k) = 150*k - 113. Determine a(1).
37
Let w(c) = -c**2 - 7*c + 5. Calculate w(-6).
11
Let v(i) = 3*i**3 + 5*i**2 + 64*i + 565. What is v(-8)?
-1163
Let c(z) = -48*z + 563. Calculate c(12).
-13
Let f(k) = k**2 + 55*k - 59. Determine f(-54).
-113
Let a(g) = 2*g**3 + 31*g - 57. Calculate a(2).
21
Let s(r) = -r**2 + 13*r - 9. What is s(4)?
27
Let q(o) = -2*o**3 - 120*o**2 + 121*o - 78. What is q(-61)?
-17
Let c(n) = 2*n**3 + 143*n**2 + 237*n + 1872. Give c(-70).
-18
Let r(d) = -75*d**2 + 31*d + 58. Calculate r(-2).
-304
Let x(f) = -39*f + 511. What is x(13)?
4
Let d(s) = 7*s**2 + 18*s - 6. Calculate d(-3).
3
Let n(j) = -3*j**2 - 117*j + 118. Give n(-40).
-2
Let c(p) = p**3 + 13*p**2 + 55*p + 6. Calculate c(-6).
-72
Let r(s) = -s**3 - 13*s**2 + 20*s - 54. Determine r(-13).
-314
Let f(i) = 278*i + 941. Determine f(-6).
-727
Let a(d) = -555*d - 557. Calculate a(-1).
-2
Let i(n) = 104*n - 10707. Calculate i(103).
5
Let h(t) = -t**2 + 14*t - 43. Give h(5).
2
Let j(u) = 8*u**3 + 4*u**2 - 3. What is j(-3)?
-183
Let f(z) = 2*z**3 + 254*z**2 + 8*z + 1004. Calculate f(-127).
-12
Let k(g) = 5*g**2 - 4*g + 30. Determine k(8).
318
Let a(g) = -172*g**3 - 3*g**2 + 9*g + 11. Determine a(-1).
171
Let c(s) = -2*s**3 + 99*s**2 - 44*s - 242. Determine c(49).
3
Let y(m) = -7*m**3 - 235*m**2 + 100*m - 79. What is y(-34)?
-11
Let a(w) = -2*w**2 - 36*w - 41. Calculate a(-1).
-7
Let j(v) = -v**2 + 196*v + 587. Determine j(-3).
-10
Let r(s) = 3*s**3 - 39*s**2 - 259*s + 46. Give r(-5).
-9
Let y(q) = 4789*q - 4781. Determine y(1).
8
Let l(s) = 10*s + 91. Calculate l(8).
171
Let w(d) = 84*d + 3606. Determine w(-43).
-6
Let s(g) = 7*g**2 + 867*g + 3447. Calculate s(-4).
91
Let d(s) = -s**3 + 25*s**2 + 24*s + 36. Determine d(26).
-16
Let g(a) = 5*a**2 + 27*a + 120. Give g(-9).
282
Let f(i) = -5*i**3 - 154*i**2 + 548*i + 73. Determine f(-34).
-63
Let t(i) = -102*i - 96. Determine t(0).
-96
Let w(x) = x**3 - 12*x**2 + 8*x + 35. Calculate w(9).
-136
Let x(o) = 79*o - 9160. Determine x(116).
4
Let x(d) = 114*d + 134. Determine x(-2).
-94
Let t(v) = -129*v**3 - 3*v**2 + v. Determine t(1).
-131
Let z(r) = -r**2 - r + 70. Give z(11).
-62
Let z(c) = -7*c**3 + 4*c**2 - 2*c - 6. Determine z(2).
-50
Let n(y) = 364*y - 369. What is n(1)?
-5
Let c(p) = p**3 - 71*p**2 + 211*p - 470. Determine c(68).
6
Let d(j) = -j**3 + 9*j**2 + 63*j - 535. Calculate d(10).
-5
Let b(j) = j**3 + 6*j**2 + 28*j + 242. What is b(-10)?
-438
Let m(t) = 111*t + 4138. Give m(-40).
-302
Let s(y) = -4*y**2 - 89*y - 58. Give s(-9).
419
Let p(d) = -1221*d + 14645. Determine p(12).
-7
Let c(o) = 79*o**2 + o + 10. What is c(-3)?
718
Let t(i) = 19*i + 427. Determine t(-24).
-29
Let n(o) = 117*o - 344. Calculate n(3).
7
Let x(f) = 3*f**2 + 323*f + 2818. Determine x(-98).
-24
Let b(a) = -5*a**2 + 3*a - 197. Give b(12).
-881
Let p(i) = -i**2 - 688*i + 23037. Determine p(32).
-3
Let r(c) = 22*c - 98. What is r(25)?
452
Let m(s) = -26*s**3 + 5*s - 2. Calculate m(-3).
685
Let t(y) = -12*y - 29. Calculate t(-6).
43
Let a(d) = 262*d + 2877. Determine a(-11).
-5
Let d(s) = -3*s**3 - 46*s**2 + 167*s + 1400. What is d(-17)?
6
Let s(w) = 6*w**2 + 55*w + 159. Determine s(-3).
48
Let g(k) = 2*k**2 -